{"id":948,"date":"2016-12-15T00:44:40","date_gmt":"2016-12-14T23:44:40","guid":{"rendered":"http:\/\/werle.pro\/?page_id=948"},"modified":"2017-07-03T11:23:08","modified_gmt":"2017-07-03T10:23:08","slug":"femme-et-histoire","status":"publish","type":"page","link":"https:\/\/werle.pro\/index.php\/veille\/femme-et-histoire\/","title":{"rendered":"Femme et Histoire"},"content":{"rendered":"<p><em>en cours de r\u00e9daction&#8230;<\/em><\/p>\n<h2>Histoire par les Femmes<\/h2>\n<h3>Politique &#8211; Un mod\u00e8le nous a quitt\u00e9<\/h3>\n<p><img loading=\"lazy\" decoding=\"async\" class=\"size-medium wp-image-1074 alignleft\" src=\"https:\/\/i0.wp.com\/werle.pro\/wp-content\/uploads\/2016\/12\/SimoneVeil_1927-2017-226x300.jpg?resize=226%2C300\" alt=\"\" width=\"226\" height=\"300\" srcset=\"https:\/\/i0.wp.com\/werle.pro\/wp-content\/uploads\/2016\/12\/SimoneVeil_1927-2017.jpg?resize=226%2C300&amp;ssl=1 226w, https:\/\/i0.wp.com\/werle.pro\/wp-content\/uploads\/2016\/12\/SimoneVeil_1927-2017.jpg?resize=768%2C1021&amp;ssl=1 768w, https:\/\/i0.wp.com\/werle.pro\/wp-content\/uploads\/2016\/12\/SimoneVeil_1927-2017.jpg?resize=770%2C1024&amp;ssl=1 770w, https:\/\/i0.wp.com\/werle.pro\/wp-content\/uploads\/2016\/12\/SimoneVeil_1927-2017.jpg?w=1186&amp;ssl=1 1186w\" sizes=\"(max-width: 226px) 100vw, 226px\" data-recalc-dims=\"1\" \/><\/p>\n<blockquote><p><a href=\"https:\/\/simoneveil.com\/\">Simone Veil, la femme pr\u00e9f\u00e9r\u00e9e des Fran\u00e7ais, ancienne ministre de la sant\u00e9, est d\u00e9c\u00e9d\u00e9e ce vendredi 30 juin 2017 \u00e0 l\u2019\u00e2ge de 89 ans. Elle s\u2019est \u00e9teinte vers 8h15 \u00e0 son domicile du 7\u00e8me arrondissement de Paris. Simone Veil est sans nul doute la femme politique fran\u00e7aise la plus c\u00e9l\u00e8bre et la plus populaire, et ce depuis le milieu des ann\u00e9es 1970. Cette renomm\u00e9e est due \u00e0 son combat pour la loi qui porte son nom, relative \u00e0 l\u2019interruption volontaire de grossesse I.V.G. vot\u00e9e en 1975, et \u00e0 un parcours de vie exceptionnel marqu\u00e9 par la trag\u00e9die, intimement inscrit dans l\u2019histoire politique de l\u2019Europe du XXe si\u00e8cle.<\/a><\/p>\n<p>Lire la suite : https:\/\/simoneveil.com\/<\/p><\/blockquote>\n<h3>Histoire des math\u00e9matiques et de l&rsquo;informatique<\/h3>\n<p style=\"padding-left: 30px; text-align: justify;\"><a href=\"https:\/\/fr.wikipedia.org\/wiki\/Hypatie\">Hypatie d&rsquo;Alexandrie<\/a> est une math\u00e9maticienne et une philosophe grecque d&rsquo;<a title=\"Alexandrie\" href=\"https:\/\/fr.wikipedia.org\/wiki\/Alexandrie\">Alexandrie<\/a>. N\u00e9e entre 355 et 370 selon les sources, elle meurt assassin\u00e9e par des chr\u00e9tiens en 415, d\u00e9membr\u00e9e et br\u00fbl\u00e9e. Elle dirigea l&rsquo;<a title=\"\u00c9cole n\u00e9oplatonicienne d'Alexandrie\" href=\"https:\/\/fr.wikipedia.org\/wiki\/%C3%89cole_n%C3%A9oplatonicienne_d%27Alexandrie\">\u00e9cole n\u00e9oplatonicienne d&rsquo;Alexandrie<\/a>. On lui attribue parfois la d\u00e9couverte de l&rsquo;<a title=\"Orbite elliptique\" href=\"https:\/\/fr.wikipedia.org\/wiki\/Orbite_elliptique\">orbite elliptique<\/a> de la Terre, sans certitude cependant.<\/p>\n<p style=\"padding-left: 30px; text-align: justify;\"><a href=\"https:\/\/fr.wikipedia.org\/wiki\/Maria_Gaetana_Agnesi\">Maria Gaetana Agnesi<\/a>, n\u00e9e \u00e0 Milan (Italie) le <time class=\"nowrap date-lien bday\" datetime=\"1718-05-16\">16 mai 1718<\/time> et morte le <time class=\"nowrap date-lien dday\" datetime=\"1799-01-09\">9 janvier 1799<\/time> dans sa ville natale, est une math\u00e9maticienne italienne. Elle a \u00e9crit un trait\u00e9 d&rsquo;<a class=\"mw-redirect\" title=\"Analyse math\u00e9matique\" href=\"https:\/\/fr.wikipedia.org\/wiki\/Analyse_math%C3%A9matique\">analyse math\u00e9matique<\/a> renomm\u00e9 pour sa clart\u00e9 et l&rsquo;unit\u00e9 de sa m\u00e9thode<sup id=\"cite_ref-1\" class=\"reference\"><a href=\"https:\/\/fr.wikipedia.org\/wiki\/Maria_Gaetana_Agnesi#cite_note-1\">1<\/a><\/sup>. Un ouvrage de philosophie est \u00e9galement paru sous son nom alors qu&rsquo;elle avait neuf ans. Nomm\u00e9e \u00e0 l&rsquo;<a title=\"Universit\u00e9 de Bologne\" href=\"https:\/\/fr.wikipedia.org\/wiki\/Universit%C3%A9_de_Bologne\">universit\u00e9 de Bologne<\/a> par le pape <span class=\"nowrap\"><a title=\"Beno\u00eet XIV\" href=\"https:\/\/fr.wikipedia.org\/wiki\/Beno%C3%AEt_XIV\">Beno\u00eet XIV<\/a><\/span><sup id=\"cite_ref-2\" class=\"reference\"><a href=\"https:\/\/fr.wikipedia.org\/wiki\/Maria_Gaetana_Agnesi#cite_note-2\">2<\/a><\/sup>, elle est la premi\u00e8re femme docteur.<\/p>\n<p style=\"padding-left: 30px; text-align: justify;\"><a href=\"https:\/\/fr.wikipedia.org\/wiki\/Sophie_Germain\"><strong>Sophie Germain<\/strong><\/a>, n\u00e9e le <time class=\"nowrap\" datetime=\"1776-04-01\"><abbr class=\"abbr\" title=\"premier\">1<sup>er<\/sup><\/abbr> avril 1776<\/time> rue Saint-Denis \u00e0 Paris, et morte le <time class=\"nowrap\" datetime=\"1831-06-27\">27 juin 1831<\/time> au 13, rue de Savoie \u00e0 Paris, est une math\u00e9maticienne, physicienne et philosophe <a title=\"France\" href=\"https:\/\/fr.wikipedia.org\/wiki\/France\">fran\u00e7aise<\/a>. Elle est connue pour le <a title=\"Th\u00e9or\u00e8me de Sophie Germain\" href=\"https:\/\/fr.wikipedia.org\/wiki\/Th%C3%A9or%C3%A8me_de_Sophie_Germain\">th\u00e9or\u00e8me d&rsquo;arithm\u00e9tique qui porte son nom<\/a>, pour ses \u00e9changes avec le math\u00e9maticien <a title=\"Carl Friedrich Gauss\" href=\"https:\/\/fr.wikipedia.org\/wiki\/Carl_Friedrich_Gauss\">Carl Friedrich Gauss<\/a> et pour ses travaux sur l&rsquo;<a title=\"D\u00e9formation \u00e9lastique\" href=\"https:\/\/fr.wikipedia.org\/wiki\/D%C3%A9formation_%C3%A9lastique\">\u00e9lasticit\u00e9 des corps<\/a>. Sophie Germain se prend de passion pour les math\u00e9matiques \u00e0 l&rsquo;\u00e2ge de treize ans. Elle apprend alors seule la th\u00e9orie des nombres et le calcul diff\u00e9rentiel et int\u00e9gral, \u00e9tudiant les travaux d&rsquo;<a title=\"Leonhard Euler\" href=\"https:\/\/fr.wikipedia.org\/wiki\/Leonhard_Euler\">Euler<\/a> et de <a title=\"Isaac Newton\" href=\"https:\/\/fr.wikipedia.org\/wiki\/Isaac_Newton\">Newton<\/a>.<\/p>\n<p style=\"padding-left: 30px;\"><a href=\"https:\/\/en.wikipedia.org\/wiki\/Ada_Lovelace\">Augusta <strong>Ada<\/strong> King-Noel, Comtesse de Lovelace<\/a> (<i>n\u00e9e<\/i> Byron; 10 December 1815\u00a0\u2013 27 November 1852) math\u00e9maticienne &#8211; invente le premier algorithme qu&rsquo;elle con\u00e7oit pour \u00eatre r\u00e9alis\u00e9 sur une machine future !<\/p>\n<p style=\"padding-left: 30px; text-align: justify;\"><a href=\"https:\/\/fr.wikipedia.org\/wiki\/Sofia_Kovalevska%C3%AFa\">Sofia Vassilievna Kovalevska\u00efa<\/a> (\u00e9galement Sonia, Sofa\u00a0; en russe\u00a0:\u00a0<span class=\"lang-ru\" lang=\"ru\">\u0421\u043e\u0301\u0444\u044c\u044f \u0412\u0430\u0441\u0438\u0301\u043b\u044c\u0435\u0432\u043d\u0430 \u041a\u043e\u0432\u0430\u043b\u0435\u0301\u0432\u0441\u043a\u0430\u044f<\/span>\u00a0; en fran\u00e7ais et en allemand, elle signe Sophie Kowalevski) est une math\u00e9maticienne russe n\u00e9e \u00e0 Moscou le <time class=\"nowrap date-lien\" datetime=\"1850-01-15\">15 janvier (<abbr class=\"abbr\" title=\"selon le calendrier julien\">3 janvier<\/abbr>) 1850<\/time> et morte \u00e0 Stockholm le <time class=\"nowrap date-lien\" datetime=\"1891-02-10\">10 f\u00e9vrier (<abbr class=\"abbr\" title=\"selon le calendrier julien\">29 janvier<\/abbr>) 1891<\/time>. Elle travaille sur les <a title=\"\u00c9quation aux d\u00e9riv\u00e9es partielles\" href=\"https:\/\/fr.wikipedia.org\/wiki\/%C3%89quation_aux_d%C3%A9riv%C3%A9es_partielles\">\u00e9quations aux d\u00e9riv\u00e9es partielles<\/a>, corrigeant et am\u00e9liorant un r\u00e9sultat de <a title=\"Augustin Louis Cauchy\" href=\"https:\/\/fr.wikipedia.org\/wiki\/Augustin_Louis_Cauchy\">Cauchy<\/a> (\u00e9non\u00e7ant et d\u00e9montrant ce que l&rsquo;on appelle aujourd&rsquo;hui le <a title=\"Th\u00e9or\u00e8me de Cauchy-Kowalevski\" href=\"https:\/\/fr.wikipedia.org\/wiki\/Th%C3%A9or%C3%A8me_de_Cauchy-Kowalevski\">th\u00e9or\u00e8me de Cauchy-Kowalevski<\/a>). Elle \u00e9crit un m\u00e9moire sur les <a title=\"Int\u00e9grale ab\u00e9lienne\" href=\"https:\/\/fr.wikipedia.org\/wiki\/Int%C3%A9grale_ab%C3%A9lienne\">int\u00e9grales ab\u00e9liennes<\/a>. Enfin, un troisi\u00e8me m\u00e9moire porte sur la forme des anneaux de <a title=\"Saturne (plan\u00e8te)\" href=\"https:\/\/fr.wikipedia.org\/wiki\/Saturne_%28plan%C3%A8te%29\">Saturne<\/a>. Pour ces trois m\u00e9moires, elle obtient le titre de docteur de l&rsquo;<a title=\"Universit\u00e9 de G\u00f6ttingen\" href=\"https:\/\/fr.wikipedia.org\/wiki\/Universit%C3%A9_de_G%C3%B6ttingen\">universit\u00e9 de G\u00f6ttingen<\/a> en 1874, la premi\u00e8re femme \u00e0 obtenir ce titre en Allemagne. Chacun des trois m\u00e9moires aurait suffi pour une th\u00e8se, a dit Weierstrass.<\/p>\n<p style=\"padding-left: 30px; text-align: justify;\"><a href=\"https:\/\/fr.wikipedia.org\/wiki\/Grace_Hopper\"><img loading=\"lazy\" decoding=\"async\" class=\" wp-image-956 alignleft\" src=\"https:\/\/i0.wp.com\/werle.pro\/wp-content\/uploads\/2016\/12\/220px-Grace_Hopper_and_UNIVAC.jpg?resize=232%2C204\" alt=\"220px-grace_hopper_and_univac\" width=\"232\" height=\"204\" data-recalc-dims=\"1\" \/>Grace Murray Hopper<\/a> <img loading=\"lazy\" decoding=\"async\" class=\"alignright wp-image-961\" src=\"https:\/\/i0.wp.com\/werle.pro\/wp-content\/uploads\/2016\/12\/Admiral_Grace_Murray_Hopper.jpg?resize=226%2C283\" alt=\"admiral_grace_murray_hopper\" width=\"226\" height=\"283\" srcset=\"https:\/\/i0.wp.com\/werle.pro\/wp-content\/uploads\/2016\/12\/Admiral_Grace_Murray_Hopper.jpg?w=280&amp;ssl=1 280w, https:\/\/i0.wp.com\/werle.pro\/wp-content\/uploads\/2016\/12\/Admiral_Grace_Murray_Hopper.jpg?resize=240%2C300&amp;ssl=1 240w\" sizes=\"(max-width: 226px) 100vw, 226px\" data-recalc-dims=\"1\" \/>n\u00e9e le <time class=\"nowrap date-lien\" datetime=\"1906-12-09\">9 d\u00e9cembre 1906<\/time> \u00e0 New York et morte le <time class=\"nowrap date-lien\" datetime=\"1992-01-01\">1<sup>er<\/sup> janvier 1992<\/time> dans le comt\u00e9 d&rsquo;Arlington, est une informaticienne am\u00e9ricaine et <a title=\"Rear admiral (\u00c9tats-Unis)\" href=\"https:\/\/fr.wikipedia.org\/wiki\/Rear_admiral_%28%C3%89tats-Unis%29\">Rear admiral<\/a> de la marine am\u00e9ricaine. Elle est la conceptrice du premier <a title=\"Compilateur\" href=\"https:\/\/fr.wikipedia.org\/wiki\/Compilateur\">compilateur<\/a> en 1951 (<a title=\"A-0 System\" href=\"https:\/\/fr.wikipedia.org\/wiki\/A-0_System\">A-0 System<\/a>) et du langage <a title=\"COBOL\" href=\"https:\/\/fr.wikipedia.org\/wiki\/COBOL\">COBOL<\/a> en 1959.<\/p>\n<p style=\"padding-left: 30px; text-align: justify;\"><a href=\"https:\/\/fr.wikipedia.org\/wiki\/Alan_Turing\">Alan Mathison Turing<\/a> (est un homme, mais comme le dit <a href=\"https:\/\/fr.wikipedia.org\/wiki\/Gilles_Deleuze\">Gilles Deleuze<\/a> \u00ab\u00a0il ne correspond pas \u00e0 l&rsquo;\u00e9talon majoritaire\u00a0\u00bb), n\u00e9 le <time class=\"nowrap date-lien\" datetime=\"1912-06-23\">23 juin 1912<\/time> \u00e0 Londres et mort le <time class=\"nowrap date-lien\" datetime=\"1954-06-07\">7 juin 1954<\/time> \u00e0 Wilmslow, est un math\u00e9maticien<img loading=\"lazy\" decoding=\"async\" class=\" wp-image-958 alignleft\" src=\"https:\/\/i0.wp.com\/werle.pro\/wp-content\/uploads\/2016\/12\/Turing_Bombe-rebuild.jpg?resize=232%2C170\" alt=\"turing_bombe-rebuild\" width=\"232\" height=\"170\" data-recalc-dims=\"1\" \/> et cryptologue britannique, auteur de travaux qui fondent <span style=\"text-decoration: underline;\">scientifiquement<\/span> l&rsquo;informatique. Durant la Seconde Guerre mondiale, il joue un r\u00f4le majeur dans la cryptanalyse de la <a title=\"Enigma (machine)\" href=\"https:\/\/fr.wikipedia.org\/wiki\/Enigma_%28machine%29\">machine Enigma<\/a>, utilis\u00e9e par les arm\u00e9es allemandes. Ses m\u00e9thodes permirent de casser ce code et, selon plusieurs historiens, de raccourcir la capacit\u00e9 de r\u00e9sistance du r\u00e9gime nazi de deux ans. En 1952, un fait divers li\u00e9 \u00e0 son <strong>homosexualit\u00e9<\/strong> lui vaut des poursuites judiciaires. Pour \u00e9viter la prison, il choisit la castration chimique par prise d&rsquo;\u0153strog\u00e8nes. Turing est retrouv\u00e9 mort dans la chambre de sa maison \u00e0 Manchester, par empoisonnement au cyanure, le 7 juin 1954. La reine \u00c9lisabeth II le gracie \u00e0 titre posthume en 2013. Il n&rsquo;a \u00e9t\u00e9 reconnu comme h\u00e9ros de guerre que 55 ans apr\u00e8s sa mort.<\/p>\n<ul class=\"links\">\n<li id=\"link_89566\" class=\"link\" lang=\"fr\" data-url=\"\/redaction\/links\/89566\/modifier\"><a class=\"hit_counter\" title=\"http:\/\/www.isabelle-collet.net\" href=\"http:\/\/www.isabelle-collet.net\/isabelle.collet\/Recherches.html\" hreflang=\"fr\" data-hit=\"89566\">La page recherche d&rsquo;Isabelle Collet<\/a><\/li>\n<li id=\"link_89568\" class=\"link\" lang=\"en\" data-url=\"\/redaction\/links\/89568\/modifier\"><a class=\"hit_counter\" title=\"http:\/\/www.cbi.umn.edu\/genderedbits\/index.html\" href=\"http:\/\/www.cbi.umn.edu\/genderedbits\/index.html\" hreflang=\"en\" data-hit=\"89568\">Gendered Bits at Charles Babbage Institute<\/a><\/li>\n<li id=\"link_89569\" class=\"link\" lang=\"en\" data-url=\"\/redaction\/links\/89569\/modifier\"><a class=\"hit_counter\" title=\"http:\/\/geekfeminism.wikia.com\/wiki\/Geek_Feminism_Wiki\" href=\"http:\/\/geekfeminism.wikia.com\/wiki\/Geek_Feminism_Wiki\" hreflang=\"en\" data-hit=\"89569\">Geek feminism<\/a><\/li>\n<li class=\"link\" lang=\"en\" data-url=\"\/redaction\/links\/89569\/modifier\"><a href=\"http:\/\/blogs.ionis-group.com\/femmes-informatique\/\">Femmes et informatique<\/a><\/li>\n<li class=\"link\" lang=\"en\" data-url=\"\/redaction\/links\/89569\/modifier\"><a href=\"http:\/\/www.cefcys.com\/\">Cercle des Femmes de la CYberS\u00e9curit\u00e9<\/a><\/li>\n<\/ul>\n<h3>Histoire du Moyen Age<\/h3>\n<p style=\"padding-left: 30px; text-align: justify;\"><a href=\"https:\/\/fr.wikipedia.org\/wiki\/Les_Filles_au_Moyen_%C3%82ge\">Les filles au Moyen \u00c2ge<\/a> est un film fran\u00e7ais \u00e9crit, produit et r\u00e9alis\u00e9 par <a title=\"Hubert Viel\" href=\"https:\/\/fr.wikipedia.org\/wiki\/Hubert_Viel\">Hubert Viel<\/a>, sorti en 2015.<img loading=\"lazy\" decoding=\"async\" class=\"alignright wp-image-953\" src=\"https:\/\/i0.wp.com\/werle.pro\/wp-content\/uploads\/2016\/12\/Filles_Moyen_Age.jpg?resize=170%2C226\" alt=\"filles_moyen_age\" width=\"170\" height=\"226\" srcset=\"https:\/\/i0.wp.com\/werle.pro\/wp-content\/uploads\/2016\/12\/Filles_Moyen_Age.jpg?w=1200&amp;ssl=1 1200w, https:\/\/i0.wp.com\/werle.pro\/wp-content\/uploads\/2016\/12\/Filles_Moyen_Age.jpg?resize=225%2C300&amp;ssl=1 225w, https:\/\/i0.wp.com\/werle.pro\/wp-content\/uploads\/2016\/12\/Filles_Moyen_Age.jpg?resize=768%2C1024&amp;ssl=1 768w\" sizes=\"(max-width: 170px) 100vw, 170px\" data-recalc-dims=\"1\" \/> Deuxi\u00e8me long m\u00e9trage d&rsquo;Hubert Viel, cette com\u00e9die est librement inspir\u00e9e d&rsquo;un ouvrage de l&rsquo;historienne <a title=\"R\u00e9gine Pernoud\" href=\"https:\/\/fr.wikipedia.org\/wiki\/R%C3%A9gine_Pernoud\">R\u00e9gine Pernoud<\/a> intitul\u00e9 <i>La Femme au temps des cath\u00e9drales<\/i>, livre sorti en 1980, qui r\u00e9habilite la condition des <a title=\"Femmes au Moyen \u00c2ge\" href=\"https:\/\/fr.wikipedia.org\/wiki\/Femmes_au_Moyen_%C3%82ge\">femmes au Moyen \u00c2ge<\/a>. Le film utilise \u00e0 la fois le registre de la com\u00e9die burlesque et celui du film \u00e0 sketches, avec les m\u00eames intentions que l&rsquo;ouvrage de Pernoud. La quasi-totalit\u00e9 des r\u00f4les sont interpr\u00e9t\u00e9s par six enfants (trois filles et trois gar\u00e7ons) qui endossent chacun une dizaine de personnages, pour la plupart des personnalit\u00e9s historiques. <a title=\"Michael Lonsdale\" href=\"https:\/\/fr.wikipedia.org\/wiki\/Michael_Lonsdale\">Michael Lonsdale<\/a> endosse quant \u00e0 lui le r\u00f4le du grand-p\u00e8re conteur. Projet\u00e9 pour la premi\u00e8re fois en d\u00e9cembre 2015 au <a title=\"Festival international du film ind\u00e9pendant de Bordeaux 2015\" href=\"https:\/\/fr.wikipedia.org\/wiki\/Festival_international_du_film_ind%C3%A9pendant_de_Bordeaux_2015\">Festival international du film ind\u00e9pendant de Bordeaux<\/a>, il est ensuite sorti en janvier 2016. Il a re\u00e7u un accueil critique plut\u00f4t positif. Pour voir le film &#8211; <a href=\"http:\/\/www.werle.pro\/wp-content\/Documents\/Femme\/LES.FILLES.AU.MOYEN.aGE.vf.MP4\">Les filles au moyen \u00e2ge<\/a><\/p>\n<p style=\"text-align: justify; padding-left: 30px;\"><a href=\"https:\/\/fr.wikipedia.org\/wiki\/Hildegarde_de_Bingen\">Hildegarde de Bingen<\/a> &#8211; n\u00e9e le <time class=\"nowrap date-lien bday\" datetime=\"1098-09-22\">16 septembre 1098<\/time> \u00e0 <span class=\"lang-de\" lang=\"de\">Bermersheim vor der H\u00f6he<\/span> pr\u00e8s d\u2019Alzey<img loading=\"lazy\" decoding=\"async\" class=\"wp-image-964 alignleft\" src=\"https:\/\/i0.wp.com\/werle.pro\/wp-content\/uploads\/2016\/12\/Hildegard_Bingen_Portrait.jpg?resize=339%2C228\" alt=\"hildegard_bingen_portrait\" width=\"339\" height=\"228\" srcset=\"https:\/\/i0.wp.com\/werle.pro\/wp-content\/uploads\/2016\/12\/Hildegard_Bingen_Portrait.jpg?w=620&amp;ssl=1 620w, https:\/\/i0.wp.com\/werle.pro\/wp-content\/uploads\/2016\/12\/Hildegard_Bingen_Portrait.jpg?resize=300%2C202&amp;ssl=1 300w\" sizes=\"(max-width: 339px) 100vw, 339px\" data-recalc-dims=\"1\" \/> (Hesse rh\u00e9nane) et morte le <time class=\"nowrap date-lien dday\" datetime=\"1179-09-24\">17 septembre 1179<\/time> \u00e0 Ruppertsberg (pr\u00e8s de Bingen), est une religieuse b\u00e9n\u00e9dictine mystique, compositrice, femme de lettres franconienne, m\u00e9decin, pharmacienne, physicienne, sainte de l&rsquo;\u00c9glise catholique du <abbr class=\"abbr\" title=\"12\u1d49 si\u00e8cle\"><span class=\"romain\">XII<\/span><sup>e<\/sup><\/abbr>\u00a0si\u00e8cle<sup id=\"cite_ref-1\" class=\"reference\">1<\/sup>. Elle est aussi connue sous le nom de Hildegarde de Ruppertsberg.\u00a0Le 10 mai 2012, le pape <a title=\"Beno\u00eet XVI\" href=\"https:\/\/fr.wikipedia.org\/wiki\/Beno%C3%AEt_XVI\">Beno\u00eet XVI<\/a> \u00e9tend le culte liturgique de sainte Hildegarde \u00e0 l&rsquo;\u00c9glise universelle, dans un processus connu sous le nom de \u00ab\u00a0canonisation \u00e9quipollente\u00a0\u00bb, ou canonisation \u00e9quivalente. Le 28 mai 2012, Beno\u00eet XVI annonce la proclamation d&rsquo;Hildegarde de Bingen comme <a title=\"Docteur de l'\u00c9glise\" href=\"https:\/\/fr.wikipedia.org\/wiki\/Docteur_de_l%27%C3%89glise\">docteur de l&rsquo;\u00c9glise<\/a>, qui a eu lieu le 7 octobre 2012, faisant d&rsquo;elle la quatri\u00e8me femme docteur de l&rsquo;\u00c9glise apr\u00e8s <a title=\"Catherine de Sienne\" href=\"https:\/\/fr.wikipedia.org\/wiki\/Catherine_de_Sienne\">Catherine de Sienne<\/a>, <a title=\"Th\u00e9r\u00e8se d'Avila\" href=\"https:\/\/fr.wikipedia.org\/wiki\/Th%C3%A9r%C3%A8se_d%27Avila\">Th\u00e9r\u00e8se d&rsquo;Avila<\/a> et <a title=\"Th\u00e9r\u00e8se de Lisieux\" href=\"https:\/\/fr.wikipedia.org\/wiki\/Th%C3%A9r%C3%A8se_de_Lisieux\">Th\u00e9r\u00e8se de Lisieux<\/a>.<img loading=\"lazy\" decoding=\"async\" class=\"wp-image-957 alignleft\" src=\"https:\/\/i0.wp.com\/werle.pro\/wp-content\/uploads\/2016\/12\/Litterae_ignotae.png?resize=490%2C169\" alt=\"litterae_ignotae\" width=\"490\" height=\"169\" srcset=\"https:\/\/i0.wp.com\/werle.pro\/wp-content\/uploads\/2016\/12\/Litterae_ignotae.png?w=352&amp;ssl=1 352w, https:\/\/i0.wp.com\/werle.pro\/wp-content\/uploads\/2016\/12\/Litterae_ignotae.png?resize=300%2C103&amp;ssl=1 300w\" sizes=\"(max-width: 490px) 100vw, 490px\" data-recalc-dims=\"1\" \/><\/p>\n","protected":false},"excerpt":{"rendered":"<p>en cours de r\u00e9daction&#8230; Histoire par les Femmes Politique &#8211; Un mod\u00e8le nous a quitt\u00e9 Simone Veil, la femme pr\u00e9f\u00e9r\u00e9e des Fran\u00e7ais, ancienne ministre de la sant\u00e9, est d\u00e9c\u00e9d\u00e9e ce vendredi 30 juin 2017 \u00e0 l\u2019\u00e2ge de 89 ans. Elle s\u2019est \u00e9teinte vers 8h15 \u00e0 son domicile du 7\u00e8me arrondissement de Paris. Simone Veil est &#8230; <a title=\"Femme et Histoire\" class=\"read-more\" href=\"https:\/\/werle.pro\/index.php\/veille\/femme-et-histoire\/\" aria-label=\"Read more about Femme et Histoire\">Lire la suite<\/a><\/p>\n","protected":false},"author":1,"featured_media":0,"parent":51,"menu_order":0,"comment_status":"closed","ping_status":"closed","template":"","meta":{"jetpack_post_was_ever_published":false,"footnotes":""},"jetpack_sharing_enabled":true,"jetpack_shortlink":"https:\/\/wp.me\/P7ALXt-fi","jetpack-related-posts":[],"_links":{"self":[{"href":"https:\/\/werle.pro\/index.php\/wp-json\/wp\/v2\/pages\/948"}],"collection":[{"href":"https:\/\/werle.pro\/index.php\/wp-json\/wp\/v2\/pages"}],"about":[{"href":"https:\/\/werle.pro\/index.php\/wp-json\/wp\/v2\/types\/page"}],"author":[{"embeddable":true,"href":"https:\/\/werle.pro\/index.php\/wp-json\/wp\/v2\/users\/1"}],"replies":[{"embeddable":true,"href":"https:\/\/werle.pro\/index.php\/wp-json\/wp\/v2\/comments?post=948"}],"version-history":[{"count":9,"href":"https:\/\/werle.pro\/index.php\/wp-json\/wp\/v2\/pages\/948\/revisions"}],"predecessor-version":[{"id":1076,"href":"https:\/\/werle.pro\/index.php\/wp-json\/wp\/v2\/pages\/948\/revisions\/1076"}],"up":[{"embeddable":true,"href":"https:\/\/werle.pro\/index.php\/wp-json\/wp\/v2\/pages\/51"}],"wp:attachment":[{"href":"https:\/\/werle.pro\/index.php\/wp-json\/wp\/v2\/media?parent=948"}],"curies":[{"name":"wp","href":"https:\/\/api.w.org\/{rel}","templated":true}]}}