{"id":803,"date":"2016-05-19T20:42:12","date_gmt":"2016-05-19T19:42:12","guid":{"rendered":"http:\/\/werle.pro\/?page_id=803"},"modified":"2017-08-25T15:06:10","modified_gmt":"2017-08-25T14:06:10","slug":"sites-web","status":"publish","type":"page","link":"https:\/\/werle.pro\/index.php\/sites-web\/","title":{"rendered":"Sites web"},"content":{"rendered":"<h3>Dada a 100 ans &#8211; Vive Dada &#8211; Vive Dada Data<\/h3>\n<ul>\n<li><a href=\"http:\/\/werle.pro\/wp-content\/Documents\/Culture\/Dada_DDP.pdf\" target=\"_blank\" rel=\"noopener\">La petite fabrique documentaire de <em>Dada<\/em>&#8211;<strong>Data<\/strong><\/a><\/li>\n<li><a href=\"http:\/\/www.dada-data.net\/fr\/\" target=\"_blank\" rel=\"noopener\">Le site<em> Dada<\/em> <strong>Data<\/strong><\/a><\/li>\n<li><a href=\"http:\/\/tracks.arte.tv\/fr\/dada-20-tout-pour-aujourdhui\" target=\"_blank\" rel=\"noopener\">La page <strong>ARTE<\/strong> sur <em>Dada<\/em><\/a><\/li>\n<li><a href=\"http:\/\/creative.arte.tv\/fr\/article\/viva-dada\" target=\"_blank\" rel=\"noopener\">La creative <strong>ARTE<\/strong> pour <em>Dada<\/em><\/a><\/li>\n<li><a href=\"http:\/\/www.dada-data.net\/fr\/block\" target=\"_blank\" rel=\"noopener\">Bloqueur subversif <em>Dada<\/em> de publicit\u00e9s pour firefox !<\/a><\/li>\n<\/ul>\n<h3>Mouvements artistiques &amp; Num\u00e9rique<\/h3>\n<ul>\n<li>Mat\u00e9rialisme<\/li>\n<li><a href=\"http:\/\/www.minimalisme.org\/\">Le Minimalisme a l&rsquo;origine du web design minimaliste<\/a><\/li>\n<li><a href=\"https:\/\/www.anthedesign.fr\/webdesign-2\/material-design-google-flat-design\/\" target=\"_blank\" rel=\"noopener\">Material flat design 2016<\/a><\/li>\n<li><a href=\"https:\/\/www.anthedesign.fr\/webdesign-2\/tendances-webdesign-2015\/\" target=\"_blank\" rel=\"noopener\">Webdesign 2015<\/a><\/li>\n<li><a href=\"https:\/\/www.anthedesign.fr\/webdesign-2\/tendances-2014-couleurs-design-web\/\" target=\"_blank\" rel=\"noopener\">Webdesign tendances couleurs en 2014<\/a><\/li>\n<\/ul>\n<p>&nbsp;<\/p>\n<p>&nbsp;<\/p>\n","protected":false},"excerpt":{"rendered":"<p>Dada a 100 ans &#8211; Vive Dada &#8211; Vive Dada Data La petite fabrique documentaire de Dada&#8211;Data Le site Dada Data La page ARTE sur Dada La creative ARTE pour Dada Bloqueur subversif Dada de publicit\u00e9s pour firefox ! Mouvements artistiques &amp; Num\u00e9rique Mat\u00e9rialisme Le Minimalisme a l&rsquo;origine du web design minimaliste Material flat design &#8230; <a title=\"Sites web\" class=\"read-more\" href=\"https:\/\/werle.pro\/index.php\/sites-web\/\" aria-label=\"Read more about Sites web\">Lire la suite<\/a><\/p>\n","protected":false},"author":1,"featured_media":0,"parent":0,"menu_order":0,"comment_status":"closed","ping_status":"closed","template":"","meta":{"jetpack_post_was_ever_published":false,"footnotes":""},"jetpack_sharing_enabled":true,"jetpack_shortlink":"https:\/\/wp.me\/P7ALXt-cX","jetpack-related-posts":[],"_links":{"self":[{"href":"https:\/\/werle.pro\/index.php\/wp-json\/wp\/v2\/pages\/803"}],"collection":[{"href":"https:\/\/werle.pro\/index.php\/wp-json\/wp\/v2\/pages"}],"about":[{"href":"https:\/\/werle.pro\/index.php\/wp-json\/wp\/v2\/types\/page"}],"author":[{"embeddable":true,"href":"https:\/\/werle.pro\/index.php\/wp-json\/wp\/v2\/users\/1"}],"replies":[{"embeddable":true,"href":"https:\/\/werle.pro\/index.php\/wp-json\/wp\/v2\/comments?post=803"}],"version-history":[{"count":7,"href":"https:\/\/werle.pro\/index.php\/wp-json\/wp\/v2\/pages\/803\/revisions"}],"predecessor-version":[{"id":1116,"href":"https:\/\/werle.pro\/index.php\/wp-json\/wp\/v2\/pages\/803\/revisions\/1116"}],"wp:attachment":[{"href":"https:\/\/werle.pro\/index.php\/wp-json\/wp\/v2\/media?parent=803"}],"curies":[{"name":"wp","href":"https:\/\/api.w.org\/{rel}","templated":true}]}}