{"id":612,"date":"2016-04-07T17:44:14","date_gmt":"2016-04-07T16:44:14","guid":{"rendered":"http:\/\/werle.pro\/?page_id=612"},"modified":"2016-10-15T16:29:12","modified_gmt":"2016-10-15T15:29:12","slug":"pssi-sides-enci","status":"publish","type":"page","link":"https:\/\/werle.pro\/index.php\/pssi-sides-enci\/","title":{"rendered":"PSSI SIDES ENCi"},"content":{"rendered":"<h3>Les examens de m\u00e9decine facultaires SIDES<\/h3>\n<ul>\n<li><a href=\"http:\/\/werle.pro\/wp-content\/Documents\/PSSI\/SIDES%20ECNi\/SIDES-PSSI-v1_0.pdf\" target=\"_blank\">PSSI<\/a><\/li>\n<li><a href=\"http:\/\/werle.pro\/wp-content\/Documents\/PSSI\/SIDES%20ECNi\/SIDES_AR_v1_0.pdf\" target=\"_blank\">Analyse de risques<\/a><\/li>\n<li><a href=\"http:\/\/werle.pro\/wp-content\/Documents\/PSSI\/SIDES%20ECNi\/SIDES-PSSI%20-%20Matrice-Partage%20des%20responsabilit%c3%a9s-Management%20de%20la%20S%c3%a9curit%c3%a9%20Information.pdf\" target=\"_blank\">Tableau des p\u00e9rim\u00e8tres de responsabilit\u00e9<\/a><\/li>\n<li><a href=\"http:\/\/werle.pro\/wp-content\/Documents\/PSSI\/SIDES%20ECNi\/SIDES-PSSI-UP13_20141217.pdf\" target=\"_blank\">Cadrage de la PSSI \u00e0 l&rsquo;UFR SMBH \u00e0 Bobigny UP13<\/a><\/li>\n<\/ul>\n<h3>Les examens de m\u00e9decine nationaux ECNi<\/h3>\n<ul>\n<li><a href=\"http:\/\/werle.pro\/wp-content\/Documents\/PSSI\/SIDES%20ECNi\/PSSI_SIDES_ECNi_CNG_Presentation_marche%20securite%20-%2027%20mars%202015%20-%20v1.2.pdf\" target=\"_blank\">PSSI<\/a><\/li>\n<\/ul>\n<h3>Articles de presse<\/h3>\n<ul>\n<li>Le quotidien du m\u00e9decin : Danielle Toupillier du CNG &#8211; <a href=\"http:\/\/werle.pro\/wp-content\/Documents\/PSSI\/SIDES%20ECNi\/Press_ECNi_20160601_DOC040416-04042016143658.pdf\" target=\"_blank\">ECNi : Nous sommes sur le chemin de la r\u00e9ussite<\/a><\/li>\n<li><span class=\"app_entry_kicker\">Journal du Net : D\u00e9lia Rahal-L\u00f6fskog (CNIL) &#8211;<\/span> <a href=\"http:\/\/www.journaldunet.com\/economie\/sante\/1175430-delia-rahal-lofskog-cnil\/\" target=\"_blank\">Le respect des donn\u00e9es va devenir un avantage concurrentiel dans l&rsquo;e-sant\u00e9<\/a><\/li>\n<\/ul>\n","protected":false},"excerpt":{"rendered":"<p>Les examens de m\u00e9decine facultaires SIDES PSSI Analyse de risques Tableau des p\u00e9rim\u00e8tres de responsabilit\u00e9 Cadrage de la PSSI \u00e0 l&rsquo;UFR SMBH \u00e0 Bobigny UP13 Les examens de m\u00e9decine nationaux ECNi PSSI Articles de presse Le quotidien du m\u00e9decin : Danielle Toupillier du CNG &#8211; ECNi : Nous sommes sur le chemin de la r\u00e9ussite &#8230; <a title=\"PSSI SIDES ENCi\" class=\"read-more\" href=\"https:\/\/werle.pro\/index.php\/pssi-sides-enci\/\" aria-label=\"Read more about PSSI SIDES ENCi\">Lire la suite<\/a><\/p>\n","protected":false},"author":1,"featured_media":0,"parent":0,"menu_order":0,"comment_status":"closed","ping_status":"closed","template":"","meta":{"jetpack_post_was_ever_published":false,"footnotes":""},"jetpack_sharing_enabled":true,"jetpack_shortlink":"https:\/\/wp.me\/P7ALXt-9S","jetpack-related-posts":[],"_links":{"self":[{"href":"https:\/\/werle.pro\/index.php\/wp-json\/wp\/v2\/pages\/612"}],"collection":[{"href":"https:\/\/werle.pro\/index.php\/wp-json\/wp\/v2\/pages"}],"about":[{"href":"https:\/\/werle.pro\/index.php\/wp-json\/wp\/v2\/types\/page"}],"author":[{"embeddable":true,"href":"https:\/\/werle.pro\/index.php\/wp-json\/wp\/v2\/users\/1"}],"replies":[{"embeddable":true,"href":"https:\/\/werle.pro\/index.php\/wp-json\/wp\/v2\/comments?post=612"}],"version-history":[{"count":6,"href":"https:\/\/werle.pro\/index.php\/wp-json\/wp\/v2\/pages\/612\/revisions"}],"predecessor-version":[{"id":688,"href":"https:\/\/werle.pro\/index.php\/wp-json\/wp\/v2\/pages\/612\/revisions\/688"}],"wp:attachment":[{"href":"https:\/\/werle.pro\/index.php\/wp-json\/wp\/v2\/media?parent=612"}],"curies":[{"name":"wp","href":"https:\/\/api.w.org\/{rel}","templated":true}]}}