{"id":142,"date":"2016-02-08T11:14:18","date_gmt":"2016-02-08T10:14:18","guid":{"rendered":"http:\/\/werle.pro\/?page_id=142"},"modified":"2018-02-10T09:53:34","modified_gmt":"2018-02-10T08:53:34","slug":"cuba","status":"publish","type":"page","link":"https:\/\/werle.pro\/index.php\/cuba\/","title":{"rendered":"Cuba"},"content":{"rendered":"<h3><strong>Coop\u00e9ration International des Ing\u00e9nieurs et Techniciens de Recherche et Formation des IUTs de France<\/strong><\/h3>\n<p style=\"padding-left: 30px;\"><img loading=\"lazy\" decoding=\"async\" class=\" wp-image-667 alignleft\" src=\"https:\/\/i0.wp.com\/werle.pro\/wp-content\/uploads\/2016\/02\/Alliance_Fran\u00e7aise_Cuba-300x225.jpg?resize=510%2C383\" alt=\"Alliance_Fran\u00e7aise_Cuba\" width=\"510\" height=\"383\" srcset=\"https:\/\/i0.wp.com\/werle.pro\/wp-content\/uploads\/2016\/02\/Alliance_Fran\u00e7aise_Cuba.jpg?resize=300%2C225&amp;ssl=1 300w, https:\/\/i0.wp.com\/werle.pro\/wp-content\/uploads\/2016\/02\/Alliance_Fran\u00e7aise_Cuba.jpg?w=590&amp;ssl=1 590w\" sizes=\"(max-width: 510px) 100vw, 510px\" data-recalc-dims=\"1\" \/><\/p>\n<p>&nbsp;<\/p>\n<p style=\"padding-left: 30px; text-align: justify;\"><em>L&rsquo;IUT de Bayonne a organis\u00e9 la donation d&rsquo;1 tonne (4 m\u00b3) de mat\u00e9riel informatique, r\u00e9seau, wifi et de laboratoire de langue pour \u00e9quiper les nouveaux locaux de l&rsquo;Allia<\/em><em>nce<\/em><em> Fran\u00e7aise \u00e0 La Havane \u00e0 Cuba. (cf. <a href=\"https:\/\/www.iutbayonne.univ-pau.fr\/actualites\/4189-deplacement-f-hollande-a-cuba-equipements-envoyes-par-iut-bayonne-10-mai.html\" target=\"_blank\" rel=\"noopener\">L&rsquo;article<\/a> consacr\u00e9 \u00e0 cette aventure sur le site de l&rsquo;IUT de Bayonne)<br \/>\n<\/em><\/p>\n<p style=\"padding-left: 30px; text-align: justify;\"><em>A l&rsquo;IUT de Villetaneuse a \u00e9t\u00e9 organis\u00e9 la logistique sur Paris afin de regrouper le mat\u00e9riel venu par train de Bayonne, en voiture de Lyon et du<\/em><em> Mans et de le conditionner pour son futur transport en avion vers La Havane. Il restait \u00e0 trouver l&rsquo;avion sans aucun budget.<\/em><\/p>\n<p style=\"text-align: justify; padding-left: 30px;\"><em>Install\u00e9 dans un ancien immeuble de style colonial r\u00e9cemment restaur\u00e9 pour l&rsquo;accueillir, l&rsquo;Alliance Fran\u00e7aise a \u00e9t\u00e9 inaugur\u00e9e par le Pr\u00e9sident de la R\u00e9publique, M.Fran\u00e7ois Hollande, en mai 2015. En r\u00e9ponse \u00e0 nos probl\u00e8mes de logistique, nous avons r\u00e9ussi \u00e0 glisser notre mat\u00e9riel dans la soute de son avion. En novembre 2015, une \u00e9quipe d&rsquo;ing\u00e9nieurs est venu d\u00e9ployer le r\u00e9seau informatique avec ses \u00e9quipements actifs de r\u00e9seau, ses bornes wifi, son laboratoire de langue et ses serveurs pour la plus grande joie des enseignants de l&rsquo;Alliance Fran\u00e7aise. (cf. <a href=\"http:\/\/werle.pro\/wp-content\/Documents\/IUT_Donation_Cuba\/\" target=\"_blank\" rel=\"noopener\">Les photos<\/a> de la donation pour l&rsquo;Alliance Fran\u00e7aise \u00e0 La Havane ) <\/em><\/p>\n<p style=\"text-align: justify; padding-left: 30px;\">\n","protected":false},"excerpt":{"rendered":"<p>Coop\u00e9ration International des Ing\u00e9nieurs et Techniciens de Recherche et Formation des IUTs de France &nbsp; L&rsquo;IUT de Bayonne a organis\u00e9 la donation d&rsquo;1 tonne (4 m\u00b3) de mat\u00e9riel informatique, r\u00e9seau, wifi et de laboratoire de langue pour \u00e9quiper les nouveaux locaux de l&rsquo;Alliance Fran\u00e7aise \u00e0 La Havane \u00e0 Cuba. (cf. L&rsquo;article consacr\u00e9 \u00e0 cette aventure &#8230; <a title=\"Cuba\" class=\"read-more\" href=\"https:\/\/werle.pro\/index.php\/cuba\/\" aria-label=\"Read more about Cuba\">Lire la suite<\/a><\/p>\n","protected":false},"author":1,"featured_media":0,"parent":0,"menu_order":0,"comment_status":"closed","ping_status":"closed","template":"","meta":{"jetpack_post_was_ever_published":false,"footnotes":""},"jetpack_sharing_enabled":true,"jetpack_shortlink":"https:\/\/wp.me\/P7ALXt-2i","jetpack-related-posts":[],"_links":{"self":[{"href":"https:\/\/werle.pro\/index.php\/wp-json\/wp\/v2\/pages\/142"}],"collection":[{"href":"https:\/\/werle.pro\/index.php\/wp-json\/wp\/v2\/pages"}],"about":[{"href":"https:\/\/werle.pro\/index.php\/wp-json\/wp\/v2\/types\/page"}],"author":[{"embeddable":true,"href":"https:\/\/werle.pro\/index.php\/wp-json\/wp\/v2\/users\/1"}],"replies":[{"embeddable":true,"href":"https:\/\/werle.pro\/index.php\/wp-json\/wp\/v2\/comments?post=142"}],"version-history":[{"count":23,"href":"https:\/\/werle.pro\/index.php\/wp-json\/wp\/v2\/pages\/142\/revisions"}],"predecessor-version":[{"id":1571,"href":"https:\/\/werle.pro\/index.php\/wp-json\/wp\/v2\/pages\/142\/revisions\/1571"}],"wp:attachment":[{"href":"https:\/\/werle.pro\/index.php\/wp-json\/wp\/v2\/media?parent=142"}],"curies":[{"name":"wp","href":"https:\/\/api.w.org\/{rel}","templated":true}]}}